 is divided by c?
25
Let u be (4 + -1)*((-118)/(-6) + -6). Let c = 88 - u. Suppose -o + 5*g = 4, 2*o - 16 = -2*g + 6*g. Calculate the remainder when c is divided by o.
15
Let j = 119 - 282. Let n = j + 256. Suppose -79 = -2*b + n. Calculate the remainder when b is divided by 29.
28
Let q = -25973 + 26048. Calculate the remainder when 928 is divided by q.
28
Let u = 259 - 258. Let a(o) = 22*o + 1. Calculate the remainder when 136 is divided by a(u).
21
Let b be (5/(-2))/(140/(-2352)). Calculate the remainder when (-2 - (-30)/12)*b is divided by 6.
3
Let c = 200 + -202. Calculate the remainder when 79 is divided by (9/(-15) - c)*(10 - -5).
16
Let r(x) = 2*x**3 + 5*x**2 - 2*x - 2. Let f be r(3). Let z = -54 + f. Suppose z = 2*a - 13. Calculate the remainder when a is divided by 14.
11
Let l(p) = 12*p**2 + 1316*p - 8128. Suppose -174 = -5*d - 4*c, 3*c = -2*d - 0*c + 71. Calculate the remainder when l(6) is divided by d.
30
Let q = -117 + 121. Suppose 0 = -q*r - 3*s - s + 76, 12 = 3*s. What is the remainder when 83 is divided by r?
8
Let i(q) = -10*q**3 + 2*q - 1. Let o = 66 - 65. Let h be i(o). Calculate the remainder when 23 is divided by 3*(-1)/h*(15 - 0).
3
Let v = 74 - 37. Suppose k - 12005 = 36*k. Let m = 366 + k. What is the remainder when v is divided by m?
14
Let s = 6680 + -6217. Calculate the remainder when s is divided by 225.
13
Let q(i) = -i**3 + 14*i**2 - 82*i + 461. What is the remainder when 4369 is divided by q(7)?
229
Suppose 252 = 92*h - 80*h - 1008. What is the remainder when 290 is divided by h?
80
Suppose 0 = f + 4*f. Let s = 69 - 60. Suppose 5*o + s - 194 = f. Calculate the remainder when o is divided by 13.
11
Calculate the remainder when ((-1118)/1892 + (-24)/(-22))*(-866)/(-1) is divided by 77.
48
Let w = 474 + 1160. What is the remainder when w is divided by 11?
6
Let m(h) = 3*h + 74. Let k be m(0). Let z = k + -56. Calculate the remainder when 31 is divided by z.
13
Let y be 34/((-26)/(-12) - (-15)/(-10)). Suppose 16*g - 20*g + y = 3*s, 0 = -4*g + 12. Calculate the remainder when 48 is divided by s.
9
Suppose -110*t = -112*t - 832. Let d = -178 - t. Calculate the remainder when d is divided by 15.
13
Suppose -371*g - 201 = -x - 370*g, 5*x + g = 1017. Calculate the remainder when x is divided by 37.
18
Let l be (-2 + 0/(-3))/((-5)/1255). Suppose -1210 + l = -4*a. Suppose -5*n = i - a, 5*n - 4*i = -0*n + 192. What is the remainder when 177 is divided by n?
33
Calculate the remainder when 158 is divided by (-48)/28 - 4/14 - (-490)/10.
17
Suppose 12*z + 1485 = 21*z. Let j = z + -142. Calculate the remainder when 159 is divided by j.
21
Suppose -36 = -4*f + 2*y + 780, -f - 2*y + 199 = 0. What is the remainder when f is divided by 17?
16
Suppose 50382 = -172*r + 1219*r - 114*r. Suppose -284 = 3*t - 6*t + l, -5*l = 4*t - 404. Calculate the remainder when t is divided by r.
42
Suppose -5*q + 4*u = -15 - 19, 0 = 2*q - u - 13. Suppose 0 = h - 2*s - 16, 8*h = 3*h + 4*s + 104. What is the remainder when h is divided by q?
0
What is the remainder when (53712/81)/8 - (-2)/18 is divided by (-5)/(-35)*7*12?
11
Suppose -2*a = -u - 8, u + u - a + 13 = 0. Suppose -30*z + 622 = -4658. Calculate the remainder when 39 is divided by (1 - 9/u)*z/40.
6
Suppose 0 = -3*x + 3 + 6, 0 = -5*a + x + 1112. Calculate the remainder when a is divided by 73.
4
Suppose -n + 3456 = 3*z, -254*z = -251*z + 4*n - 3447. Calculate the remainder when z is divided by 34.
31
Let h be ((-8)/(-2))/(4/30). Suppose h = -w + 3*w. What is the remainder when w is divided by (-51)/(-9) - 10/15?
0
Let n(l) = -2*l**3 - l**2 - 111*l - 449. Suppose -5*z = -2*t - 272, 0*t = -2*z - 2*t + 120. What is the remainder when n(-4) is divided by z?
51
Suppose -1383*m = -1397*m + 112. Suppose 2*c + 4 = -c + 4*q, 3*c - q + 1 = 0. Suppose -4*n + 44 + 100 = c. Calculate the remainder when n is divided by m.
4
Let m(g) = -62*g - 11*g**2 + 6*g - 34 - 16*g**2 + g**3. What is the remainder when 46 is divided by m(29)?
22
Suppose -3 - 18 = -k. Suppose 0*s = s + 5*y - 21, -k = -s + 5*y. Calculate the remainder when 65 + 196/(-50) + (-60)/750 is divided by s.
19
Let u(w) = w**2 - w + 1. Let n(c) = -5*c**2 + 12*c - 19. Let q(i) = -n(i) - 4*u(i). What is the remainder when 14 is divided by q(7)?
6
Calculate the remainder when 477/((-10)/((-260)/39)) is divided by 107.
104
Calculate the remainder when 22/((-924)/189)*4840/(-18) is divided by 11.
0
Suppose 22 = 3*j - 4*n - 6, 4*n - 68 = -3*j. Let i be (-126)/(-4) - 8/j. Suppose 44 = -27*u + i*u. What is the remainder when 87 is divided by u?
10
Suppose 4*y + 2*w = -252, -3*w + w = -8. Let s = y - -67. Let n(k) = k**3 + 3*k**2 - 4*k + 2. Calculate the remainder when 67 is divided by n(s).
11
Suppose -3*r = -2*r - 4*w - 60, 3*r + 5*w - 95 = 0. Calculate the remainder when 148 is divided by r.
28
Let r(n) = n**2 + 2*n + 2. Let b = -32 - -39. Suppose -2*q - b*q + 261 = 0. Calculate the remainder when q is divided by r(-4).
9
Let a(o) = -23*o**2 - 2*o - 56. Let t be a(-8). Calculate the remainder when 14/35 - t/20 is divided by 26.
24
Let x(p) = -2*p**3 + 183*p**2 + 282*p - 259. What is the remainder when 949 is divided by x(93)?
9
What is the remainder when 5726 is divided by (-3523)/(-117) + (-15)/135?
26
Let k(y) = -36*y + 2597. Calculate the remainder when k(34) is divided by 115.
108
Suppose -36*x + 92*x = 1064. Calculate the remainder when 1669 is divided by x.
16
Suppose -2*h - h + 96 = 0. Suppose 12*l - a = 7*l + 75, 5*a + 39 = l. What is the remainder when h is divided by l?
4
Let g(f) = 4*f**3 + 2*f**2 + 3*f + 3. Let q(t) = 889*t + 166256. What is the remainder when g(3) is divided by q(-187)?
8
Calculate the remainder when 149 is divided by 20 - (24 - (-13 + 25)).
5
Let c be ((-6)/(-4) - -1)*2. Suppose 3*q - 4*q = 3*i - c, -5*i + 41 = 4*q. Suppose -g + 38 + q = 0. Calculate the remainder when g is divided by 11.
8
Let a(m) = m**3 - 3*m**2 + 1648*m - 8271. What is the remainder when a(5) is divided by 2*-1*(-9)/6?
1
Suppose -2 = 2*v - 4, 2*w + 3*v - 81 = 0. What is the remainder when 135 is divided by (w/13)/(6/68)?
33
Suppose n = 2*l + 78, 30*l = 4*n + 26*l - 324. Suppose 3*g + 6 = 0, 3*g - 12 - n = -2*o. Calculate the remainder when 916 is divided by o.
49
Let y = 20343 + -19838. Calculate the remainder when y is divided by 174.
157
Let f(w) = 15*w**2 + 301*w - 1447. What is the remainder when f(5) is divided by 32?
17
Let j = -210 - -210. Let m(g) = g**3 - g**2 + 2*g + 223. What is the remainder when m(j) is divided by 25?
23
Suppose 2*p - v + 26 = 94, v - 40 = -p. Let h(k) = 925*k + 31533. What is the remainder when h(-34) is divided by p?
11
Let l(b) = -23 - b**2 - 39*b - 6 + 8. Calculate the remainder when 46 is divided by l(-38).
12
Suppose -3*p - 33 + 141 = 0. Let m = -133 - -3. Calculate the remainder when p is divided by (2/4 + m/(-60))*3.
4
Let w = 587 + -584. Suppose w*b = -i + 422 + 89, 0 = b - 4*i - 192. Calculate the remainder when b is divided by 45.
37
Let v(b) = -5*b**2 + 6*b + 95. What is the remainder when 400 is divided by v(0)?
20
Suppose a + 43*r = 45*r + 13, 0 = 7*r - 2*r. What is the remainder when 65 is divided by a?
0
Let j(b) = 22*b - 38. Let x(q) = 12*q - 19. Let k(v) = 2*j(v) - 5*x(v). What is the remainder when k(-4) is divided by 14?
13
Let r(f) = 19*f - 3. Suppose -4*v + 3*z - 8 = 0, -z = 5*v + z - 13. Calculate the remainder when 42 is divided by r(v).
10
Let k = -3081 - -3393. What is the remainder when k is divided by 287?
25
Let z(i) = 15*i - 50. Let k be z(6). Let q = k + 22. What is the remainder when q is divided by 21?
20
Suppose -5*j - 45 = -l + 49, 2*l - 221 = -j. What is the remainder when l is divided by 30?
19
Suppose -5*k = -3*u + 129, 93*k = 5*u + 98*k - 295. Calculate the remainder when 381 is divided by u.
10
Calculate the remainder when 1143/6 + (195/26 - 8) is divided by 28.
22
Suppose 3*j + 5*n - 49 = 0, -4*j + 14 = n - 40. Let h = 18 - j. Suppose h*l + i = 54, 2 = 3*l - i - 24. What is the remainder when 58 is divided by l?
8
Suppose 2*c + 3*k + 10 = -6, 5*c + 5*k + 35 = 0. Suppose 4*a - 3*a - 21 = -w, 3*w + 2*a = 62. What is the remainder when (152/c)/((-10)/25) is divided by w?
16
Suppose -6*k = -5*b - 192, -160 = 353*k - 358*k + 2*b. Let t(h) = 83*h**2 - 1. What is the remainder when t